22 - (-1 - 7) - 2?
3
What is (1 - -4) + 11 + -12?
4
What is 3 + 3 + -1 - 8 - 0?
-3
-1 + -3 + -2 + -5
-11
What is -1 + 0 - ((-2 - -6) + 0)?
-5
Evaluate -1 + 12 - 6 - 13.
-8
Calculate -4 + 4 + -2 - (-3 - -1).
0
What is the value of -5 - (-11 + 1 + (-3 - -9))?
-1
Evaluate 1 + -4 + 1 + 4 + -1.
1
What is the value of 18 - 19 - (-1 + 3)?
-3
What is the value of (7 - (7 - -9)) + 7?
-2
What is 3 + (-7 - 2) - -3?
-3
Evaluate 5 - (-2 + 6) - (3 + 0).
-2
What is the value of (-1 - -3) + -9 + 2?
-5
Evaluate 25 + -19 - (6 + -2 + 1).
1
What is the value of 6 - (3 - 2) - (4 - -1)?
0
What is -14 + 13 + (-1 - -1) + 4?
3
What is -5 - (0 + 4 - 12 - 4)?
7
8 - ((-1 - -2 - 4) + 8)
3
Calculate 1 + (0 - 4) + 2.
-1
What is the value of (15 + -5 - 6) + 4?
8
What is -7 + 2 - (9 + 4 + -12)?
-6
-19 + (-5 - (-4 - 5)) + 6
-9
Evaluate -113 + 127 - (12 + 0).
2
Calculate 11 - 1 - (-5 + -1 + 7).
9
What is 2 - (0 + -1) - 4?
-1
What is the value of -1 - (-1 + (1 - (2 + 1)))?
2
Calculate 8 + -12 + -8 + 11.
-1
(4 - (1 - -6)) + 6
3
Evaluate 1 + 0 - -2 - 2 - 6.
-5
What is the value of -2 + -2 + 9 - 4?
1
What is the value of (-4 - -1) + 8 + 1 + -4?
2
What is the value of 21 + 8 + -27 - (-1 - 2)?
5
Evaluate -6 - -2 - (4 + -4 - 3).
-1
What is (25 - 29) + 2 + 5?
3
5 - 4 - (9 + -2)
-6
Calculate -9 + (12 - 5) + -3.
-5
0 + 0 - (5 + 0)
-5
Evaluate 9 + -4 + (3 - 3).
5
What is the value of (1 - (0 + 6)) + 2?
-3
What is the value of 4 - (-3 - -4 - (0 - -2))?
5
What is the value of -2 - 7 - (-8 + -9 - -12)?
-4
Calculate -12 - -3 - (2 + 0 - 6).
-5
What is 10 + -12 - (2 + -1)?
-3
What is (5 - (9 + -3)) + -1?
-2
What is the value of -2 + (-4 + 10 - 2)?
2
Evaluate 6 - (9 + -11 - -1).
7
What is the value of 13 - 0 - (-29 - -37)?
5
What is the value of 5 + -1 - ((1 - -1) + -2)?
4
Evaluate -7 - (3 - 5 - (2 - -1)).
-2
Evaluate (2 - 7) + -19 + 26 + -2.
0
(-1 - 0) + (-1 - -1)
-1
Calculate (-2 - -5) + 1 + -4.
0
What is 3 - (3 - 6 - -7)?
-1
What is the value of (-2 - 9 - -8) + (-1 - 1)?
-5
Calculate 0 - ((3 - (0 - 1)) + -1).
-3
Calculate (4 - 1) + (3 - 6 - -1).
1
-3 - -8 - (-1 + 3) - 5
-2
Evaluate 0 - 0 - (-4 + (-3 - -5)).
2
What is 9 + 2 + -2 + -5 + 2?
6
10 - (-4 + 8) - (1 - -1)
4
What is the value of 1 - (4 - 7 - 0 - 4)?
8
What is the value of 1 + -2 - 0 - (65 - 71)?
5
What is the value of 7 + (3 - (9 + -3) - -1)?
5
What is (-1 + -9 - 3) + 18?
5
-8 - -4 - -7 - (1 + 1)
1
What is -4 - (1 + -2 + 1) - -2?
-2
Calculate (-2 - -2 - -3) + 2 + -8.
-3
Calculate (0 - 6) + 6 - 0.
0
What is the value of -3 + -1 + -3 - -2?
-5
What is -4 - -5 - (-2 - 1)?
4
What is the value of 0 + 0 - (-32 + 16 + 22)?
-6
What is the value of 1 + (3 + -1 - 3) + -4?
-4
Evaluate -6 + 4 + 10 + -3 - -3.
8
-17 - -21 - (3 + 1 + -8)
8
12 - (11 + -2 + -4 - -1)
6
What is the value of (17 - (0 + 7)) + -5?
5
What is the value of (-2 - -4) + -1 - 0?
1
8 - (6 + 5 + 1 + -12)
8
Calculate -15 + 5 + 0 + 19.
9
Evaluate (-5 - (6 + (-17 - 0))) + -3.
3
(0 - (-6 + 16)) + 3
-7
What is the value of -2 - 1 - ((-7 - -8) + -4)?
0
What is the value of -4 + 1 - 1 - -6?
2
What is 11 - ((-7 - -7) + 4)?
7
Evaluate -5 + (16 + -9 - -1).
3
What is the value of (4 - 0 - -6) + -8?
2
Evaluate (21 - 19) + 1 + 3 + -2.
4
Evaluate (-3 - -5 - 2 - -3) + -1.
2
What is the value of 4 + -2 - (7 - (7 - 3))?
-1
2 - -7 - (-16 - -19)
6
Evaluate 0 + 5 + -3 + 1 - 8.
-5
What is (43 - 31) + 0 + -8?
4
What is the value of -2 + 0 - (4 + -11 + 1)?
4
Calculate (3 - (3 + -5)) + (-13 - -3).
-5
Calculate 1 + 1 + 2 - (1 - -8).
-5
What is the value of 4 + (5 - (9 - 4))?
4
What is the value of 7 - (6 - (5 + -9))?
-3
What is (-2 - (-2 + 1)) + 13 + -20?
-8
What is -8 + (1 - -2 - 4 - -18)?
9
Calculate -9 - (-29 - -8) - 6.
6
Evaluate (8 - -1) + 9 + -15.
3
Calculate 5 + 3 + -24 + 9.
-7
Evaluate -1 - 1 - 0 - -3.
1
What is 3 - (-5 + (-4 - (1 - 6)))?
7
What is -11 + (19 - -3) + -21?
-10
-7 - ((4 - 2) + -6)
-3
Calculate (-2 - 2) + 12 + 1 + -4.
5
Evaluate 1 + 0 + -2 - (5 - 5).
-1
Evaluate (-53 - -52) + 9 + -1.
7
Calculate -11 + (1 - -7) + -2 + -1.
-6
Calculate -1 + 20 + (-4 - 9).
6
What is -3 - -7 - (-19 - -23)?
0
Calculate 3 + -11 + 1 - -9.
2
What is the value of -7 + -8 + (13 - -4)?
2
-7 + 13 + (6 - 9)
3
Calculate -14 + -3 + 8 + 9.
0
Evaluate 2 - (3 - -1 - -1) - -2.
-1
Calculate -5 - (2 + -4 + 0 + 0).
-3
-8 + -2 + 6 + 4
0
-6 - 1 - (-33 + 31)
-5
What is the value of 2 - 2 - (16 + -8 - 14)?
6
What is 0 + -3 + (0 - -2) + -1?
-2
Evaluate -8 + (-3 - -6) + 10.
5
Calculate -1 - (-11 + 3 + 1 - -3).
3
What is (-3 - (-2 - 1)) + (1 - 3)?
-2
Evaluate (-3 - -7 - 3) + 4.
5
What is the value of -7 + 14 + (-2 - 0)?
5
Calculate 1 + 1 + (-26 - -24).
0
31 - 36 - (-1 + -8)
4
(-10 - -12) + (-2 - -4) + -2
2
What is the value of -6 + 0 + (4 - -7)?
5
What is (-1 - 2) + 6 - 3?
0
What is 6 - (2 - 1 - -3)?
2
Calculate -12 + 6 + 5 + -2.
-3
Calculate -4 + 8 - 2 - -3.
5
(15 - 19) + 2 + (6 - 3)
1
What is -5 + (4 - (-7 + 6)) + -2?
-2
What is the value of (9 - 4) + -7 + -1?
-3
Evaluate 1 - (-3 + 1 + -4 + 4).
3
0 - (1 - (-18 - -11))
-8
0 - 4 - (-74 - -68)
2
What is the value of (5 - 2) + -1 + -2?
0
What is 12 + -14 - (-8 - -1)?
5
Calculate -1 + 7 + -4 + 4 + 1.
7
1 + -4 + (4 - 2 - 2)
-3
Calculate 1 + -6 - (-5 + 4 + 0).
-4
What is the value of 7 - (6 + 3) - -9?
7
0 + -5 + 2 - 0
-3
What is the value of 9 + (0 - (1 - 0)) + -3?
5
Calculate (10 - (-1 + 0)) + -30 + 28.
9
Calculate 4 + (2 - (4 + 7)).
-5
What is 0 - -2 - (1 + 0 - 4)?
5
What is the value of -2 - ((-8 - -2 - -2) + 5)?
-3
8 + (7 + 3 - 24)
-6
Evaluate 5 - (1 + (-1 - 0)).
5
Evaluate (-14 - (17 - 12)) + 10.
-9
What is -1 + -2 + 1 - (-7 - -5)?
0
Calculate 8 + -4 - (-1 + 0).
5
Calculate -3 - (-1 - (3 - 2)).
-1
-6 + -1 + 11 + 2
6
What is (80 - 89) + (1 - -1)?
-7
-4 + 2 + -2 + 2 - -2
0
What is -6 - (9 + -30 + 6)?
9
Evaluate 1 - (10 + -1 - 3).
-5
Evaluate -4 + (1 - (-2 - -9 - 3)).
-7
-19 + 22 - (3 + -1 + -3)
4
Evaluate -17 - (20 - 32) - (-6 + -1).
2
What is 0 + -6 + 5 + -2?
-3
Evaluate -5 + 2 + 0 + -3.
-6
What is -87 + 89 - (1 + 0)?
1
Evaluate 102 + -93 - (1 + 1 + 0).
7
What is 3 - (-12 + -2) - 8?
9
Calculate (7 + -6 - 4 - -10) + -8.
-1
What is -3 - (1 + -1) - (-1 + -5)?
3
(-4 - (-3 + -5)) + -10 - -2
-4
What is 4 + 0 + -1 - 1?
2
Calculate (-2 - -2 - -2) + 2 - 0.
4
What is the value of 0 - (5 - 1) - (1 - 8)?
3
Evaluate 2 + (-11 - -4) + 1.
-4
Evaluate (-11 - -8) + (2 - -5).
4
What is -1 + -1 + 1 + (2 - 0)?
1
-11 + 0 - (-11 - -1)
-1
10 - (3 - (-6 + 0 + 5))
6
Evaluate 1 - 3 - (-19 + 19).
-2
What is (0 - -2 - 3) + -2 + 7?
4
Evaluate 2 + -2 - (-9 - -5).
4
What is -5 - (-2 - (-2 - (-4 + 7)))?
-8
Evaluate 0 + -12 - (2 - 16).
2
Evaluate -2 - -1 - (-19 + 18).
0
What is (12 - (4 - (5 - 6))) + -14?
-7
What is 4 - (4 + (-9 - (-1 + -3)))?
5
Evaluate -1 + (2 - 2) + 4 + 4.
7
-2 + -6 - (10 + -28 - -16)
-6
Evaluate (1 - (-5 - -3)) + -1 - 6.
-4
Calculate -5 + (7 - 2) + -4 + 2.
-2
-4 - (-3 + 3 - (1 + -2))
-5
What is the value of 17 - (5 + -3 + 1 + 3)?
11
What is the value of -8 + -1 - (-247 - -247)?
-9
Evaluate (4 + -14 - (-10 - -6)) + 3.
-3
Calculate -2 - (4 + -7 + 1).
0
Evaluate -6 - (-1 - (4 - 2)) - 1.
-4
Evaluate 0 + 8 + (-2 - (0 + 0)).
6
What is 5 + -3 - (-1 + 3)?
0
Evaluate (-3 - (-3 + 2)) + (3 - 7).
-6
What is (8 - 1) + (6 - (-6 - -15))?
4
Evaluate 4 + -3 + 5 - 3.
3
What is the value of ((4 - 1) + 0 - 4) + -4?
-5
What is the value of (8 - 4) + 0 + -8?
-4
Calculate -8 + 5 + 5 + (3 - 2).
3
0 + 6 - (-9 - 2 - -17)
0
What is 3 + -4 - (-3 - -2)?
0
-3 + 3 + (-2 - -12 - 5)
5
What is (-9 + 2 - -1) + (-1 - -5)?
-2
Calculate (3 - -2) + -2 + -3.
0
2 + ((1 - -5) + -2 - 4)
2
What is 1 + (1 - 4) - (0 - 4)?
2
What is (-2 - (0 + 3)) + (8 - 1)?
2
What is the value of -1 + 1 - ((18 - 15) + 3)?
-6
Evaluate -1 - 5 - (15 + -22 + 8).
-7
(-2 - 5) + (9 + 1 - 6)
-3
Evaluate 4 + (-4 - -6) - 2.
4
Evaluate -27 + 30 - (1 - (0 - 1)).
1
What is the value of -5 + -1 + -3 + 4?
-5
Evaluate -5 - (0 - (4 + (-2 - -5))).
2
-5 + 5 + (-22 - -19)
-3
What is -7 - (-8 - (-6 - -11)) - -2?
8
What is the value of (11 - 11) + (-3 - (0 - 8))?
5
Evaluate -2 - 0 - (28 - 26).
-4
Evaluate 1 - 0 - (-49 + 48) - -5.
7
Calculate -3 - 2 - (-7 + 2).
0
3 + -10 - -17 - 13
-3
0 - (0 - ((-8 - -2) + 2))
-4
Calculate (2 - 1) + (-2 - -3).
2
Calculate (5 - 0) + 12 + -7 + -17.
-7
Calculate 4 + 0 + -4 + -11 + 14.
3
0 + -3 - (-1 - (10 - 5))
3
Calculate 120 - 109 - (0 - -14